{"id":60,"date":"2025-05-24T22:49:57","date_gmt":"2025-05-24T20:49:57","guid":{"rendered":"https:\/\/collective-b.at\/?page_id=60"},"modified":"2026-04-26T11:40:32","modified_gmt":"2026-04-26T09:40:32","slug":"keimling-archive","status":"publish","type":"page","link":"https:\/\/collective-b.at\/_de\/keimling-archive\/","title":{"rendered":"Keimling Archive"},"content":{"rendered":"<figure class=\"wp-block-image alignwide size-full\"><img loading=\"lazy\" decoding=\"async\" width=\"1333\" height=\"313\" src=\"https:\/\/collective-b.at\/wp-content\/uploads\/8-e1748098141368.png\" alt=\"Word Keimling - in hand drawn blue letters\" class=\"wp-image-68\" srcset=\"https:\/\/collective-b.at\/wp-content\/uploads\/8-e1748098141368.png 1333w, https:\/\/collective-b.at\/wp-content\/uploads\/8-e1748098141368-300x70.png 300w, https:\/\/collective-b.at\/wp-content\/uploads\/8-e1748098141368-1024x240.png 1024w, https:\/\/collective-b.at\/wp-content\/uploads\/8-e1748098141368-768x180.png 768w\" sizes=\"auto, (max-width: 1333px) 100vw, 1333px\" \/><\/figure>\n\n\n\n<div class=\"wp-block-group alignwide is-layout-flow wp-block-group-is-layout-flow\" style=\"padding-right:var(--wp--preset--spacing--30);padding-left:var(--wp--preset--spacing--30)\">\n<h3 class=\"wp-block-heading\">This was 2025.  <\/h3>\n\n\n\n<p>Austria. 15 Participants. 14 Days.<\/p>\n\n\n\n<p>A winding Road to and from Carinthia.<br>A community-context to collaborate and co-create.<br>A big thank you to everyone that made our insides sparkle with vibrant color. <\/p>\n\n\n\n<p>Short glimpses you can find on our Instagram: <a href=\"https:\/\/www.instagram.com\/collective__b\/\">Hier.<\/a><br>For a deeper glimpse we highly recommend our zine: <a href=\"https:\/\/collective-b.at\/_de\/keimling-zine\/\">Hier.<\/a>.<br><\/p>\n\n\n\n<p><\/p>\n<\/div>\n\n\n\n<p>These were the spark initiators back then:<\/p>\n\n\n\n<div class=\"wp-block-group alignwide is-layout-flow wp-block-group-is-layout-flow\" style=\"padding-right:var(--wp--preset--spacing--30);padding-left:var(--wp--preset--spacing--30)\">\n<figure class=\"wp-block-image size-large\"><img loading=\"lazy\" decoding=\"async\" width=\"1024\" height=\"594\" src=\"https:\/\/collective-b.at\/wp-content\/uploads\/ABOUT-US-1-e1748108229195-1024x594.png\" alt=\"\" class=\"wp-image-73\" srcset=\"https:\/\/collective-b.at\/wp-content\/uploads\/ABOUT-US-1-e1748108229195-1024x594.png 1024w, https:\/\/collective-b.at\/wp-content\/uploads\/ABOUT-US-1-e1748108229195-300x174.png 300w, https:\/\/collective-b.at\/wp-content\/uploads\/ABOUT-US-1-e1748108229195-768x445.png 768w, https:\/\/collective-b.at\/wp-content\/uploads\/ABOUT-US-1-e1748108229195-1536x891.png 1536w, https:\/\/collective-b.at\/wp-content\/uploads\/ABOUT-US-1-e1748108229195.png 2000w\" sizes=\"auto, (max-width: 1024px) 100vw, 1024px\" \/><\/figure>\n\n\n\n<p><\/p>\n\n\n\n<p>This Roadmap was the guide we wrote for ourselves:<\/p>\n<\/div>\n\n\n\n<figure class=\"wp-block-image alignfull size-full\"><img loading=\"lazy\" decoding=\"async\" width=\"2560\" height=\"1186\" src=\"https:\/\/collective-b.at\/wp-content\/uploads\/3-1-scaled-e1748118306817.png\" alt=\"\" class=\"wp-image-115\" srcset=\"https:\/\/collective-b.at\/wp-content\/uploads\/3-1-scaled-e1748118306817.png 2560w, https:\/\/collective-b.at\/wp-content\/uploads\/3-1-scaled-e1748118306817-300x139.png 300w, https:\/\/collective-b.at\/wp-content\/uploads\/3-1-scaled-e1748118306817-1024x474.png 1024w, https:\/\/collective-b.at\/wp-content\/uploads\/3-1-scaled-e1748118306817-768x356.png 768w, https:\/\/collective-b.at\/wp-content\/uploads\/3-1-scaled-e1748118306817-1536x712.png 1536w, https:\/\/collective-b.at\/wp-content\/uploads\/3-1-scaled-e1748118306817-2048x949.png 2048w\" sizes=\"auto, (max-width: 2560px) 100vw, 2560px\" \/><\/figure>\n\n\n\n<div class=\"wp-block-group alignfull is-style-default has-custom-base-color has-custom-resolution-blue-background-color has-text-color has-background has-link-color wp-elements-cb12acdf0ea6bb26d4dce9847e212889 has-global-padding is-layout-constrained wp-container-core-group-is-layout-b41c90d3 wp-block-group-is-layout-constrained\" style=\"margin-top:0;margin-bottom:0;padding-top:0;padding-right:var(--wp--preset--spacing--50);padding-bottom:0;padding-left:var(--wp--preset--spacing--50)\">\n<div class=\"wp-block-columns alignfull is-layout-flex wp-container-core-columns-is-layout-28f84493 wp-block-columns-is-layout-flex\">\n<div class=\"wp-block-column has-medium-font-size is-layout-flow wp-block-column-is-layout-flow\" style=\"padding-top:var(--wp--preset--spacing--50);padding-right:var(--wp--preset--spacing--50);padding-bottom:var(--wp--preset--spacing--50);padding-left:var(--wp--preset--spacing--50);flex-basis:66.66%\">\n<h2 class=\"wp-block-heading is-style-default\">2025 <strong>ROADMAP<\/strong><\/h2>\n\n\n\n<p class=\"is-style-text-subtitle has-medium-font-size is-style-text-subtitle--1\">We embarked on a process based on a question:<\/p>\n\n\n\n<p class=\"is-style-text-subtitle has-lato-font-family has-x-large-font-size is-style-text-subtitle--2\"><em><strong>Wie k\u00f6nnen wir durch kreative Prozesse aktiv am demokratischen Leben teilhaben?<\/strong><\/em><\/p>\n\n\n\n<p>Das Projekt befasst sich mit Kunst, Gemeinschaft, politischem Diskurs und mit noch viel mehr - das Projekt ist eine sich st\u00e4ndig ver\u00e4ndernde, wachsende Idee.&nbsp;<\/p>\n\n\n\n<p>Wir haben bereits zwei von drei Phasen durchschwommen.<\/p>\n\n\n\n<p class=\"translation-block\">1] Die erste Phase ist eine Residency (01.-14.09.2025) \u2013 so wie sie im k\u00fcnstlerischen Kontext verstanden wird. Das bedeutet, dass es einen Ort gibt, an dem wir uns f\u00fcr einen bestimmten Zeitraum (in diesem Fall zwei Wochen) trafen und gemeinsam Prozesse des Diskurses, des Experimentierens und des Schaffens gestalten.  Eine Menge ist geschehen in diesen zwei Wochen das Zentrum der erkundungen gestaltete unsere Forschungsfrage und der gemeinsame Alltag.<\/p>\n\n\n\n<p class=\"translation-block\">2] W\u00e4hrend dieser Zeit haben wir auch eine Veranstaltung namens Keimling Fest (12.09.2025) in K\u00e4rnten | Koro\u0161ka organisiert. Dort haben wir die Prozesse, die w\u00e4hrend der Residenz stattfanden, mit den Menschen aus der Umgebung geteilt. Danke f\u00fcr die sch\u00f6ne Zeit, es war wirklich ein Fest.<\/p>\n\n\n\n<p class=\"translation-block\">3] Die letzte Phase des Projekts besteht aus the Fruit (11.01.2026), eine Veranstaltung, die in Wien stattfindet. Hierbei handelt es sich um ein Event, bei dem wir die reifen Fr\u00fcchte der Residency ernten, reflektieren und teilen.<\/p>\n\n\n\n<p class=\"is-style-text-subtitle has-medium-font-size is-style-text-subtitle--3\">Unsere Intention ist es, unserer Forschungsfrage in einem gemeinschaftlichen Prozess nachzugehen und m\u00f6gliche Antworten auf kreative Weise zu finden. Wir wollen Menschen zusammenbringen und eine Plattform schaffen, um Gedanken, Ideen und Tr\u00e4ume zu teilen.<\/p>\n\n\n\n<p>This edition was funded by the European Union.<\/p>\n\n\n\n<p><\/p>\n<\/div>\n\n\n\n<div class=\"wp-block-column has-medium-font-size is-layout-flow wp-block-column-is-layout-flow\" style=\"padding-top:var(--wp--preset--spacing--50);padding-right:var(--wp--preset--spacing--50);padding-bottom:var(--wp--preset--spacing--50);padding-left:var(--wp--preset--spacing--50);flex-basis:33.33%\">\n<h2 class=\"wp-block-heading\"><strong>ZEIT<\/strong><\/h2>\n\n\n\n<p class=\"has-medium-font-size\"><strong>1.-14. September, 2025: <em>Keimling Residency<\/em> <\/strong>Wasserhofen, K\u00e4rnten | Koro\u0161ka&nbsp;<\/p>\n\n\n\n<p class=\"has-medium-font-size\"><strong>12. September, 2025: <em>Keimling<\/em> Fest <\/strong>Wasserhofen, K\u00e4rnten | Koro\u0161ka&nbsp;<\/p>\n\n\n\n<p class=\"has-medium-font-size\"><strong>11. J\u00e4nner, 2026: das Fruit Event<\/strong>      Wien | Dunaj<\/p>\n<\/div>\n<\/div>\n<\/div>\n\n\n\n<figure class=\"wp-block-image alignfull size-full\" style=\"margin-top:0;margin-bottom:0\"><img loading=\"lazy\" decoding=\"async\" width=\"2560\" height=\"910\" src=\"https:\/\/collective-b.at\/wp-content\/uploads\/lower-legs-transparent-scaled-e1748118529795.png\" alt=\"\" class=\"wp-image-132\" srcset=\"https:\/\/collective-b.at\/wp-content\/uploads\/lower-legs-transparent-scaled-e1748118529795.png 2560w, https:\/\/collective-b.at\/wp-content\/uploads\/lower-legs-transparent-scaled-e1748118529795-300x107.png 300w, https:\/\/collective-b.at\/wp-content\/uploads\/lower-legs-transparent-scaled-e1748118529795-1024x364.png 1024w, https:\/\/collective-b.at\/wp-content\/uploads\/lower-legs-transparent-scaled-e1748118529795-768x273.png 768w, https:\/\/collective-b.at\/wp-content\/uploads\/lower-legs-transparent-scaled-e1748118529795-1536x546.png 1536w, https:\/\/collective-b.at\/wp-content\/uploads\/lower-legs-transparent-scaled-e1748118529795-2048x728.png 2048w\" sizes=\"auto, (max-width: 2560px) 100vw, 2560px\" \/><\/figure>","protected":false},"excerpt":{"rendered":"<p>This was 2025. Austria. 15 Participants. 14 Days. A winding Road to and from Carinthia.A community-context to collaborate and co-create.A big thank you to everyone that made our insides sparkle with vibrant color. Short glimpses you can find on our Instagram: hereFor a deeper glimpse we highly recommend our zine: here. These were the spark [&hellip;]<\/p>\n","protected":false},"author":1,"featured_media":74,"parent":0,"menu_order":1,"comment_status":"closed","ping_status":"closed","template":"page-no-title","meta":{"footnotes":""},"class_list":["post-60","page","type-page","status-publish","has-post-thumbnail","hentry"],"_links":{"self":[{"href":"https:\/\/collective-b.at\/_de\/wp-json\/wp\/v2\/pages\/60","targetHints":{"allow":["GET"]}}],"collection":[{"href":"https:\/\/collective-b.at\/_de\/wp-json\/wp\/v2\/pages"}],"about":[{"href":"https:\/\/collective-b.at\/_de\/wp-json\/wp\/v2\/types\/page"}],"author":[{"embeddable":true,"href":"https:\/\/collective-b.at\/_de\/wp-json\/wp\/v2\/users\/1"}],"replies":[{"embeddable":true,"href":"https:\/\/collective-b.at\/_de\/wp-json\/wp\/v2\/comments?post=60"}],"version-history":[{"count":69,"href":"https:\/\/collective-b.at\/_de\/wp-json\/wp\/v2\/pages\/60\/revisions"}],"predecessor-version":[{"id":818,"href":"https:\/\/collective-b.at\/_de\/wp-json\/wp\/v2\/pages\/60\/revisions\/818"}],"wp:featuredmedia":[{"embeddable":true,"href":"https:\/\/collective-b.at\/_de\/wp-json\/wp\/v2\/media\/74"}],"wp:attachment":[{"href":"https:\/\/collective-b.at\/_de\/wp-json\/wp\/v2\/media?parent=60"}],"curies":[{"name":"wp","href":"https:\/\/api.w.org\/{rel}","templated":true}]}}